{"id":16879,"date":"2023-11-10T22:52:47","date_gmt":"2023-11-10T21:52:47","guid":{"rendered":"https:\/\/www.parcodolomitifriulane.it\/?post_type=event_listing&#038;p=16879"},"modified":"2024-01-06T00:37:38","modified_gmt":"2024-01-05T23:37:38","slug":"17-un-castello-di-notte","status":"expired","type":"event_listing","link":"https:\/\/www.parcodolomitifriulane.it\/en\/event\/17-un-castello-di-notte\/","title":{"rendered":"*UN CASTELLO DI NOTTE"},"content":{"rendered":"<p>DATA: Sabato 06 GENNAIO&nbsp; 2024<\/p>\n\n\n\n<p>GUIDA: Laura Fagioli (Tel. 349 5856881)<\/p>\n\n\n\n<p><strong>IL FASCINO NOTTURNO DEL CASTELLO DI SACUIDIC \u2013 CIASPOLATA NOTTURNA &#8211; HISTORYTELLING<\/strong><\/p>\n\n\n\n<p>Affascinante ciaspolata notturna, che permetter\u00e0 di immergersi in una natura magica, tra fitti boschi, ampi prati e il letto del fiume Tagliamento. In localit\u00e0 Parulana entreremo nel bosco e, percorrendo un sentiero poco conosciuto, scenderemo fino agli estesi prati di Saliet, da dove proseguiremo fino all\u2019ampio letto del Tagliamento, che qui, nella parte alta del suo corso, assomiglia a un suggestivo torrente di montagna. Alla luce delle torce e ascoltando i versi degli animali risaliremo fino a Frata, dove gli stavoli sono nascosti tra i boschi e raggiungeremo i resti del Castello di Sacuidic. Si trattava di un castello che tra le sue mura nascondeva storie di vita comune e fatti misteriosi e che offrir\u00e0 l\u2019occasione per scoprire la storia di Forni e dei signorotti che la governavano nel periodo medievale. Il ritorno avverr\u00e0 lungo un percorso ad anello che ci condurr\u00e0 nuovamente in localit\u00e0 Parulana. Il ritrovo \u00e8 previsto presso il Centro visite del Parco a Forni di Sopra, quindi si percorrer\u00e0 in auto un breve tragitto per raggiungere il punto di partenza della nostra escursione. Per chi lo desidera alla fine dell\u2019escursione sar\u00e0 possibile degustare tipiche grappe aromatiche fornesi presso un locale di Forni di Sopra.<\/p>\n\n\n\n<p>Testo: Laura Fagioli<\/p>\n\n\n\n<p>INFORMAZIONI:<br>Tipologia: Ciaspolata notturna &#8211; Historytelling<br>Difficolt\u00e0: facile per tutti<br>Dislivello: 150 metri<br>Durata: 3 ore<br>Abbigliamento e attrezzatura: abbigliamento da montagna adatto alla stagione, guanti, scarponcini da trekking, bastoncini (se in possesso), torcia<br>Ritrovo: Centro visite Forni di Sopra alle ore 20:00\u00a0<br>Tariffa:\u00a0\u00a07,00 euro adulti; 4,00 euro per i ragazzi sotto i 12 anni e per chi ha pi\u00f9 di 70 anni<\/p>\n\n\n\n<p><strong>PER PRENOTARE 331.6481395 (solo messaggi scritti in orario d\u2019ufficio)<\/strong><\/p>","protected":false},"featured_media":16882,"template":"","meta":{"_acf_changed":false},"event_listing_category":[136],"class_list":["post-16879","event_listing","type-event_listing","status-expired","has-post-thumbnail","hentry","event_listing_category-semplici-per-tutti"],"acf":[],"yoast_head":"<!-- This site is optimized with the Yoast SEO plugin v27.5 - https:\/\/yoast.com\/product\/yoast-seo-wordpress\/ -->\n<title>*UN CASTELLO DI NOTTE | Parco Dolomiti Friulane<\/title>\n<meta name=\"robots\" content=\"index, follow, max-snippet:-1, max-image-preview:large, max-video-preview:-1\" \/>\n<link rel=\"canonical\" href=\"https:\/\/www.parcodolomitifriulane.it\/en\/evento\/17-un-castello-di-notte\/\" \/>\n<meta property=\"og:locale\" content=\"en_GB\" \/>\n<meta property=\"og:type\" content=\"article\" \/>\n<meta property=\"og:title\" content=\"*UN CASTELLO DI NOTTE | Parco Dolomiti Friulane\" \/>\n<meta property=\"og:description\" content=\"DATA: Sabato 06 GENNAIO&nbsp; 2024 GUIDA: Laura Fagioli (Tel. 349 5856881) IL FASCINO NOTTURNO DEL CASTELLO DI SACUIDIC \u2013 CIASPOLATA NOTTURNA &#8211; HISTORYTELLING Affascinante ciaspolata notturna, [\u2026]\" \/>\n<meta property=\"og:url\" content=\"https:\/\/www.parcodolomitifriulane.it\/en\/evento\/17-un-castello-di-notte\/\" \/>\n<meta property=\"og:site_name\" content=\"Parco Dolomiti Friulane\" \/>\n<meta property=\"article:publisher\" content=\"https:\/\/www.facebook.com\/dolomitifriulane\" \/>\n<meta property=\"article:modified_time\" content=\"2024-01-05T23:37:38+00:00\" \/>\n<meta property=\"og:image\" content=\"https:\/\/www.parcodolomitifriulane.it\/wp-content\/uploads\/2023\/11\/6-gennaio-sacuidic.jpg\" \/>\n\t<meta property=\"og:image:width\" content=\"1280\" \/>\n\t<meta property=\"og:image:height\" content=\"960\" \/>\n\t<meta property=\"og:image:type\" content=\"image\/jpeg\" \/>\n<meta name=\"twitter:card\" content=\"summary_large_image\" \/>\n<meta name=\"twitter:site\" content=\"@parcoDF\" \/>\n<meta name=\"twitter:label1\" content=\"Estimated reading time\" \/>\n\t<meta name=\"twitter:data1\" content=\"2 minutes\" \/>\n<script type=\"application\/ld+json\" class=\"yoast-schema-graph\">{\"@context\":\"https:\\\/\\\/schema.org\",\"@graph\":[{\"@type\":\"WebPage\",\"@id\":\"https:\\\/\\\/www.parcodolomitifriulane.it\\\/evento\\\/17-un-castello-di-notte\\\/\",\"url\":\"https:\\\/\\\/www.parcodolomitifriulane.it\\\/evento\\\/17-un-castello-di-notte\\\/\",\"name\":\"*UN CASTELLO DI NOTTE | Parco Dolomiti Friulane\",\"isPartOf\":{\"@id\":\"https:\\\/\\\/www.parcodolomitifriulane.it\\\/#website\"},\"primaryImageOfPage\":{\"@id\":\"https:\\\/\\\/www.parcodolomitifriulane.it\\\/evento\\\/17-un-castello-di-notte\\\/#primaryimage\"},\"image\":{\"@id\":\"https:\\\/\\\/www.parcodolomitifriulane.it\\\/evento\\\/17-un-castello-di-notte\\\/#primaryimage\"},\"thumbnailUrl\":\"https:\\\/\\\/www.parcodolomitifriulane.it\\\/wp-content\\\/uploads\\\/2023\\\/11\\\/6-gennaio-sacuidic.jpg\",\"datePublished\":\"2023-11-10T21:52:47+00:00\",\"dateModified\":\"2024-01-05T23:37:38+00:00\",\"breadcrumb\":{\"@id\":\"https:\\\/\\\/www.parcodolomitifriulane.it\\\/evento\\\/17-un-castello-di-notte\\\/#breadcrumb\"},\"inLanguage\":\"en-GB\",\"potentialAction\":[{\"@type\":\"ReadAction\",\"target\":[\"https:\\\/\\\/www.parcodolomitifriulane.it\\\/evento\\\/17-un-castello-di-notte\\\/\"]}]},{\"@type\":\"ImageObject\",\"inLanguage\":\"en-GB\",\"@id\":\"https:\\\/\\\/www.parcodolomitifriulane.it\\\/evento\\\/17-un-castello-di-notte\\\/#primaryimage\",\"url\":\"https:\\\/\\\/www.parcodolomitifriulane.it\\\/wp-content\\\/uploads\\\/2023\\\/11\\\/6-gennaio-sacuidic.jpg\",\"contentUrl\":\"https:\\\/\\\/www.parcodolomitifriulane.it\\\/wp-content\\\/uploads\\\/2023\\\/11\\\/6-gennaio-sacuidic.jpg\",\"width\":1280,\"height\":960},{\"@type\":\"BreadcrumbList\",\"@id\":\"https:\\\/\\\/www.parcodolomitifriulane.it\\\/evento\\\/17-un-castello-di-notte\\\/#breadcrumb\",\"itemListElement\":[{\"@type\":\"ListItem\",\"position\":1,\"name\":\"Home\",\"item\":\"https:\\\/\\\/www.parcodolomitifriulane.it\\\/\"},{\"@type\":\"ListItem\",\"position\":2,\"name\":\"*UN CASTELLO DI NOTTE\"}]},{\"@type\":\"WebSite\",\"@id\":\"https:\\\/\\\/www.parcodolomitifriulane.it\\\/#website\",\"url\":\"https:\\\/\\\/www.parcodolomitifriulane.it\\\/\",\"name\":\"Parco Dolomiti Friulane\",\"description\":\"Tutto Straordinariamente Emoz\",\"publisher\":{\"@id\":\"https:\\\/\\\/www.parcodolomitifriulane.it\\\/#organization\"},\"potentialAction\":[{\"@type\":\"SearchAction\",\"target\":{\"@type\":\"EntryPoint\",\"urlTemplate\":\"https:\\\/\\\/www.parcodolomitifriulane.it\\\/?s={search_term_string}\"},\"query-input\":{\"@type\":\"PropertyValueSpecification\",\"valueRequired\":true,\"valueName\":\"search_term_string\"}}],\"inLanguage\":\"en-GB\"},{\"@type\":\"Organization\",\"@id\":\"https:\\\/\\\/www.parcodolomitifriulane.it\\\/#organization\",\"name\":\"Parco Dolomiti Friulane\",\"url\":\"https:\\\/\\\/www.parcodolomitifriulane.it\\\/\",\"logo\":{\"@type\":\"ImageObject\",\"inLanguage\":\"en-GB\",\"@id\":\"https:\\\/\\\/www.parcodolomitifriulane.it\\\/#\\\/schema\\\/logo\\\/image\\\/\",\"url\":\"https:\\\/\\\/www.parcodolomitifriulane.it\\\/wp-content\\\/uploads\\\/2022\\\/06\\\/cropped-logo-1.png\",\"contentUrl\":\"https:\\\/\\\/www.parcodolomitifriulane.it\\\/wp-content\\\/uploads\\\/2022\\\/06\\\/cropped-logo-1.png\",\"width\":4685,\"height\":2773,\"caption\":\"Parco Dolomiti Friulane\"},\"image\":{\"@id\":\"https:\\\/\\\/www.parcodolomitifriulane.it\\\/#\\\/schema\\\/logo\\\/image\\\/\"},\"sameAs\":[\"https:\\\/\\\/www.facebook.com\\\/dolomitifriulane\",\"https:\\\/\\\/x.com\\\/parcoDF\",\"https:\\\/\\\/www.instagram.com\\\/dolomitifriulane\\\/\",\"https:\\\/\\\/www.youtube.com\\\/user\\\/DOLOMITIFRIULANEPARK\"]}]}<\/script>\n<!-- \/ Yoast SEO plugin. -->","yoast_head_json":{"title":"*UN CASTELLO DI NOTTE | Parco Dolomiti Friulane","robots":{"index":"index","follow":"follow","max-snippet":"max-snippet:-1","max-image-preview":"max-image-preview:large","max-video-preview":"max-video-preview:-1"},"canonical":"https:\/\/www.parcodolomitifriulane.it\/en\/evento\/17-un-castello-di-notte\/","og_locale":"en_GB","og_type":"article","og_title":"*UN CASTELLO DI NOTTE | Parco Dolomiti Friulane","og_description":"DATA: Sabato 06 GENNAIO&nbsp; 2024 GUIDA: Laura Fagioli (Tel. 349 5856881) IL FASCINO NOTTURNO DEL CASTELLO DI SACUIDIC \u2013 CIASPOLATA NOTTURNA &#8211; HISTORYTELLING Affascinante ciaspolata notturna, [\u2026]","og_url":"https:\/\/www.parcodolomitifriulane.it\/en\/evento\/17-un-castello-di-notte\/","og_site_name":"Parco Dolomiti Friulane","article_publisher":"https:\/\/www.facebook.com\/dolomitifriulane","article_modified_time":"2024-01-05T23:37:38+00:00","og_image":[{"width":1280,"height":960,"url":"https:\/\/www.parcodolomitifriulane.it\/wp-content\/uploads\/2023\/11\/6-gennaio-sacuidic.jpg","type":"image\/jpeg"}],"twitter_card":"summary_large_image","twitter_site":"@parcoDF","twitter_misc":{"Estimated reading time":"2 minutes"},"schema":{"@context":"https:\/\/schema.org","@graph":[{"@type":"WebPage","@id":"https:\/\/www.parcodolomitifriulane.it\/evento\/17-un-castello-di-notte\/","url":"https:\/\/www.parcodolomitifriulane.it\/evento\/17-un-castello-di-notte\/","name":"*UN CASTELLO DI NOTTE | Parco Dolomiti Friulane","isPartOf":{"@id":"https:\/\/www.parcodolomitifriulane.it\/#website"},"primaryImageOfPage":{"@id":"https:\/\/www.parcodolomitifriulane.it\/evento\/17-un-castello-di-notte\/#primaryimage"},"image":{"@id":"https:\/\/www.parcodolomitifriulane.it\/evento\/17-un-castello-di-notte\/#primaryimage"},"thumbnailUrl":"https:\/\/www.parcodolomitifriulane.it\/wp-content\/uploads\/2023\/11\/6-gennaio-sacuidic.jpg","datePublished":"2023-11-10T21:52:47+00:00","dateModified":"2024-01-05T23:37:38+00:00","breadcrumb":{"@id":"https:\/\/www.parcodolomitifriulane.it\/evento\/17-un-castello-di-notte\/#breadcrumb"},"inLanguage":"en-GB","potentialAction":[{"@type":"ReadAction","target":["https:\/\/www.parcodolomitifriulane.it\/evento\/17-un-castello-di-notte\/"]}]},{"@type":"ImageObject","inLanguage":"en-GB","@id":"https:\/\/www.parcodolomitifriulane.it\/evento\/17-un-castello-di-notte\/#primaryimage","url":"https:\/\/www.parcodolomitifriulane.it\/wp-content\/uploads\/2023\/11\/6-gennaio-sacuidic.jpg","contentUrl":"https:\/\/www.parcodolomitifriulane.it\/wp-content\/uploads\/2023\/11\/6-gennaio-sacuidic.jpg","width":1280,"height":960},{"@type":"BreadcrumbList","@id":"https:\/\/www.parcodolomitifriulane.it\/evento\/17-un-castello-di-notte\/#breadcrumb","itemListElement":[{"@type":"ListItem","position":1,"name":"Home","item":"https:\/\/www.parcodolomitifriulane.it\/"},{"@type":"ListItem","position":2,"name":"*UN CASTELLO DI NOTTE"}]},{"@type":"WebSite","@id":"https:\/\/www.parcodolomitifriulane.it\/#website","url":"https:\/\/www.parcodolomitifriulane.it\/","name":"Parco Dolomiti Friulane","description":"Tutto Straordinariamente Emoz","publisher":{"@id":"https:\/\/www.parcodolomitifriulane.it\/#organization"},"potentialAction":[{"@type":"SearchAction","target":{"@type":"EntryPoint","urlTemplate":"https:\/\/www.parcodolomitifriulane.it\/?s={search_term_string}"},"query-input":{"@type":"PropertyValueSpecification","valueRequired":true,"valueName":"search_term_string"}}],"inLanguage":"en-GB"},{"@type":"Organization","@id":"https:\/\/www.parcodolomitifriulane.it\/#organization","name":"Parco Dolomiti Friulane","url":"https:\/\/www.parcodolomitifriulane.it\/","logo":{"@type":"ImageObject","inLanguage":"en-GB","@id":"https:\/\/www.parcodolomitifriulane.it\/#\/schema\/logo\/image\/","url":"https:\/\/www.parcodolomitifriulane.it\/wp-content\/uploads\/2022\/06\/cropped-logo-1.png","contentUrl":"https:\/\/www.parcodolomitifriulane.it\/wp-content\/uploads\/2022\/06\/cropped-logo-1.png","width":4685,"height":2773,"caption":"Parco Dolomiti Friulane"},"image":{"@id":"https:\/\/www.parcodolomitifriulane.it\/#\/schema\/logo\/image\/"},"sameAs":["https:\/\/www.facebook.com\/dolomitifriulane","https:\/\/x.com\/parcoDF","https:\/\/www.instagram.com\/dolomitifriulane\/","https:\/\/www.youtube.com\/user\/DOLOMITIFRIULANEPARK"]}]}},"_links":{"self":[{"href":"https:\/\/www.parcodolomitifriulane.it\/en\/wp-json\/wp\/v2\/event_listing\/16879","targetHints":{"allow":["GET"]}}],"collection":[{"href":"https:\/\/www.parcodolomitifriulane.it\/en\/wp-json\/wp\/v2\/event_listing"}],"about":[{"href":"https:\/\/www.parcodolomitifriulane.it\/en\/wp-json\/wp\/v2\/types\/event_listing"}],"version-history":[{"count":0,"href":"https:\/\/www.parcodolomitifriulane.it\/en\/wp-json\/wp\/v2\/event_listing\/16879\/revisions"}],"wp:featuredmedia":[{"embeddable":true,"href":"https:\/\/www.parcodolomitifriulane.it\/en\/wp-json\/wp\/v2\/media\/16882"}],"wp:attachment":[{"href":"https:\/\/www.parcodolomitifriulane.it\/en\/wp-json\/wp\/v2\/media?parent=16879"}],"wp:term":[{"taxonomy":"event_listing_category","embeddable":true,"href":"https:\/\/www.parcodolomitifriulane.it\/en\/wp-json\/wp\/v2\/event_listing_category?post=16879"}],"curies":[{"name":"wp","href":"https:\/\/api.w.org\/{rel}","templated":true}]}}

<p>DATA: Sabato 06 GENNAIO&nbsp; 2024</p>



<p>GUIDA: Laura Fagioli (Tel. 349 5856881)</p>



<p><strong>IL FASCINO NOTTURNO DEL CASTELLO DI SACUIDIC – CIASPOLATA NOTTURNA &#8211; HISTORYTELLING</strong></p>



<p>Affascinante ciaspolata notturna, che permetterà di immergersi in una natura magica, tra fitti boschi, ampi prati e il letto del fiume Tagliamento. In località Parulana entreremo nel bosco e, percorrendo un sentiero poco conosciuto, scenderemo fino agli estesi prati di Saliet, da dove proseguiremo fino all’ampio letto del Tagliamento, che qui, nella parte alta del suo corso, assomiglia a un suggestivo torrente di montagna. Alla luce delle torce e ascoltando i versi degli animali risaliremo fino a Frata, dove gli stavoli sono nascosti tra i boschi e raggiungeremo i resti del Castello di Sacuidic. Si trattava di un castello che tra le sue mura nascondeva storie di vita comune e fatti misteriosi e che offrirà l’occasione per scoprire la storia di Forni e dei signorotti che la governavano nel periodo medievale. Il ritorno avverrà lungo un percorso ad anello che ci condurrà nuovamente in località Parulana. Il ritrovo è previsto presso il Centro visite del Parco a Forni di Sopra, quindi si percorrerà in auto un breve tragitto per raggiungere il punto di partenza della nostra escursione. Per chi lo desidera alla fine dell’escursione sarà possibile degustare tipiche grappe aromatiche fornesi presso un locale di Forni di Sopra.</p>



<p>Testo: Laura Fagioli</p>



<p>INFORMAZIONI:<br>Tipologia: Ciaspolata notturna &#8211; Historytelling<br>Difficoltà: facile per tutti<br>Dislivello: 150 metri<br>Durata: 3 ore<br>Abbigliamento e attrezzatura: abbigliamento da montagna adatto alla stagione, guanti, scarponcini da trekking, bastoncini (se in possesso), torcia<br>Ritrovo: Centro visite Forni di Sopra alle ore 20:00 <br>Tariffa:  7,00 euro adulti; 4,00 euro per i ragazzi sotto i 12 anni e per chi ha più di 70 anni</p>



<p><strong>PER PRENOTARE 331.6481395 (solo messaggi scritti in orario d’ufficio)</strong></p>
