{"id":16897,"date":"2023-11-10T23:30:40","date_gmt":"2023-11-10T22:30:40","guid":{"rendered":"https:\/\/www.parcodolomitifriulane.it\/?post_type=event_listing&#038;p=16897"},"modified":"2024-01-27T00:38:32","modified_gmt":"2024-01-26T23:38:32","slug":"23-dry-tooling-arrampicata-a-secco","status":"expired","type":"event_listing","link":"https:\/\/www.parcodolomitifriulane.it\/en\/event\/23-dry-tooling-arrampicata-a-secco\/","title":{"rendered":"*DRY-TOOLING: ARRAMPICATA &#8220;A SECCO&#8221;"},"content":{"rendered":"<p>DATA: Sabato 27 GENNAIO 2024<\/p>\n\n\n\n<p>GUIDA: Francesco Fazzi (Tel. 328 2170815)<\/p>\n\n\n\n<p><strong>DRYTOOLING \/ ICE CLIMBING<\/strong><\/p>\n\n\n\n<p>Giornata didattica di arrampicata con ramponi e piccozze sulla roccia. Il ritrovo \u00e8 presso il Centro Visite di Claut &nbsp;e da qui ci sposteremo poco sopra alla falesia di drytooling &#8220;Ciafurle&#8221;. Inizieremo con una breve lezione sui materiali a cui seguiranno le prove pratiche di tecnica di salita e di sicurezza con la corda.<br>Sar\u00e0 possibile cimentarsi su itinerari di diverse difficolt\u00e0.<br>Nel caso le condizioni lo permettano \u00e8 possibile che la lezione sia svolta su ghiaccio in altra location. &nbsp;&nbsp;<br>Il materiale tecnico (ramponi, piccozze, imbrago, casco, ecc.) verr\u00e0 fornito dalla guida. Sono necessari scarponi rigidi invernali. Una bevanda calda \u00e8 un bel conforto per il freddo della giornata.<\/p>\n\n\n\n<p>PREREQUISITO: avere delle basi di arrampicata su roccia.<\/p>\n\n\n\n<p>Testo: Francesco Fazzi<\/p>\n\n\n\n<p>INFORMAZIONI:<br>Tipologia: arrampicata drytooling<br>Difficolt\u00e0: medio\/per allenati<br>Dislivello: \/<br>Durata: 6 ore<br>Abbigliamento e attrezzatura: caldo invernale, scarponi invernali<br>Ritrovo: Centro visite Claut alle ore 9:00\u00a0<br>Tariffa:\u00a0euro 25,00 a persona<\/p>\n\n\n\n<p><strong>Prenotazione obbligatoria tramite WhatsApp al n. 331.6481395<\/strong><\/p>","protected":false},"featured_media":16900,"template":"","meta":{"_acf_changed":false},"event_listing_category":[136],"class_list":["post-16897","event_listing","type-event_listing","status-expired","has-post-thumbnail","hentry","event_listing_category-semplici-per-tutti"],"acf":[],"yoast_head":"<!-- This site is optimized with the Yoast SEO plugin v27.5 - https:\/\/yoast.com\/product\/yoast-seo-wordpress\/ -->\n<title>*DRY-TOOLING: ARRAMPICATA &quot;A SECCO&quot; | Parco Dolomiti Friulane<\/title>\n<meta name=\"robots\" content=\"index, follow, max-snippet:-1, max-image-preview:large, max-video-preview:-1\" \/>\n<link rel=\"canonical\" href=\"https:\/\/www.parcodolomitifriulane.it\/en\/evento\/23-dry-tooling-arrampicata-a-secco\/\" \/>\n<meta property=\"og:locale\" content=\"en_GB\" \/>\n<meta property=\"og:type\" content=\"article\" \/>\n<meta property=\"og:title\" content=\"*DRY-TOOLING: ARRAMPICATA &quot;A SECCO&quot; | Parco Dolomiti Friulane\" \/>\n<meta property=\"og:description\" content=\"DATA: Sabato 27 GENNAIO 2024 GUIDA: Francesco Fazzi (Tel. 328 2170815) DRYTOOLING \/ ICE CLIMBING Giornata didattica di arrampicata con ramponi e piccozze sulla roccia. Il [\u2026]\" \/>\n<meta property=\"og:url\" content=\"https:\/\/www.parcodolomitifriulane.it\/en\/evento\/23-dry-tooling-arrampicata-a-secco\/\" \/>\n<meta property=\"og:site_name\" content=\"Parco Dolomiti Friulane\" \/>\n<meta property=\"article:publisher\" content=\"https:\/\/www.facebook.com\/dolomitifriulane\" \/>\n<meta property=\"article:modified_time\" content=\"2024-01-26T23:38:32+00:00\" \/>\n<meta property=\"og:image\" content=\"https:\/\/www.parcodolomitifriulane.it\/wp-content\/uploads\/2023\/11\/drytooling-fazzi.jpg\" \/>\n\t<meta property=\"og:image:width\" content=\"1599\" \/>\n\t<meta property=\"og:image:height\" content=\"899\" \/>\n\t<meta property=\"og:image:type\" content=\"image\/jpeg\" \/>\n<meta name=\"twitter:card\" content=\"summary_large_image\" \/>\n<meta name=\"twitter:site\" content=\"@parcoDF\" \/>\n<meta name=\"twitter:label1\" content=\"Estimated reading time\" \/>\n\t<meta name=\"twitter:data1\" content=\"1 minute\" \/>\n<script type=\"application\/ld+json\" class=\"yoast-schema-graph\">{\"@context\":\"https:\\\/\\\/schema.org\",\"@graph\":[{\"@type\":\"WebPage\",\"@id\":\"https:\\\/\\\/www.parcodolomitifriulane.it\\\/evento\\\/23-dry-tooling-arrampicata-a-secco\\\/\",\"url\":\"https:\\\/\\\/www.parcodolomitifriulane.it\\\/evento\\\/23-dry-tooling-arrampicata-a-secco\\\/\",\"name\":\"*DRY-TOOLING: ARRAMPICATA \\\"A SECCO\\\" | Parco Dolomiti Friulane\",\"isPartOf\":{\"@id\":\"https:\\\/\\\/www.parcodolomitifriulane.it\\\/#website\"},\"primaryImageOfPage\":{\"@id\":\"https:\\\/\\\/www.parcodolomitifriulane.it\\\/evento\\\/23-dry-tooling-arrampicata-a-secco\\\/#primaryimage\"},\"image\":{\"@id\":\"https:\\\/\\\/www.parcodolomitifriulane.it\\\/evento\\\/23-dry-tooling-arrampicata-a-secco\\\/#primaryimage\"},\"thumbnailUrl\":\"https:\\\/\\\/www.parcodolomitifriulane.it\\\/wp-content\\\/uploads\\\/2023\\\/11\\\/drytooling-fazzi.jpg\",\"datePublished\":\"2023-11-10T22:30:40+00:00\",\"dateModified\":\"2024-01-26T23:38:32+00:00\",\"breadcrumb\":{\"@id\":\"https:\\\/\\\/www.parcodolomitifriulane.it\\\/evento\\\/23-dry-tooling-arrampicata-a-secco\\\/#breadcrumb\"},\"inLanguage\":\"en-GB\",\"potentialAction\":[{\"@type\":\"ReadAction\",\"target\":[\"https:\\\/\\\/www.parcodolomitifriulane.it\\\/evento\\\/23-dry-tooling-arrampicata-a-secco\\\/\"]}]},{\"@type\":\"ImageObject\",\"inLanguage\":\"en-GB\",\"@id\":\"https:\\\/\\\/www.parcodolomitifriulane.it\\\/evento\\\/23-dry-tooling-arrampicata-a-secco\\\/#primaryimage\",\"url\":\"https:\\\/\\\/www.parcodolomitifriulane.it\\\/wp-content\\\/uploads\\\/2023\\\/11\\\/drytooling-fazzi.jpg\",\"contentUrl\":\"https:\\\/\\\/www.parcodolomitifriulane.it\\\/wp-content\\\/uploads\\\/2023\\\/11\\\/drytooling-fazzi.jpg\",\"width\":1599,\"height\":899},{\"@type\":\"BreadcrumbList\",\"@id\":\"https:\\\/\\\/www.parcodolomitifriulane.it\\\/evento\\\/23-dry-tooling-arrampicata-a-secco\\\/#breadcrumb\",\"itemListElement\":[{\"@type\":\"ListItem\",\"position\":1,\"name\":\"Home\",\"item\":\"https:\\\/\\\/www.parcodolomitifriulane.it\\\/\"},{\"@type\":\"ListItem\",\"position\":2,\"name\":\"*DRY-TOOLING: ARRAMPICATA &#8220;A SECCO&#8221;\"}]},{\"@type\":\"WebSite\",\"@id\":\"https:\\\/\\\/www.parcodolomitifriulane.it\\\/#website\",\"url\":\"https:\\\/\\\/www.parcodolomitifriulane.it\\\/\",\"name\":\"Parco Dolomiti Friulane\",\"description\":\"Tutto Straordinariamente Emoz\",\"publisher\":{\"@id\":\"https:\\\/\\\/www.parcodolomitifriulane.it\\\/#organization\"},\"potentialAction\":[{\"@type\":\"SearchAction\",\"target\":{\"@type\":\"EntryPoint\",\"urlTemplate\":\"https:\\\/\\\/www.parcodolomitifriulane.it\\\/?s={search_term_string}\"},\"query-input\":{\"@type\":\"PropertyValueSpecification\",\"valueRequired\":true,\"valueName\":\"search_term_string\"}}],\"inLanguage\":\"en-GB\"},{\"@type\":\"Organization\",\"@id\":\"https:\\\/\\\/www.parcodolomitifriulane.it\\\/#organization\",\"name\":\"Parco Dolomiti Friulane\",\"url\":\"https:\\\/\\\/www.parcodolomitifriulane.it\\\/\",\"logo\":{\"@type\":\"ImageObject\",\"inLanguage\":\"en-GB\",\"@id\":\"https:\\\/\\\/www.parcodolomitifriulane.it\\\/#\\\/schema\\\/logo\\\/image\\\/\",\"url\":\"https:\\\/\\\/www.parcodolomitifriulane.it\\\/wp-content\\\/uploads\\\/2022\\\/06\\\/cropped-logo-1.png\",\"contentUrl\":\"https:\\\/\\\/www.parcodolomitifriulane.it\\\/wp-content\\\/uploads\\\/2022\\\/06\\\/cropped-logo-1.png\",\"width\":4685,\"height\":2773,\"caption\":\"Parco Dolomiti Friulane\"},\"image\":{\"@id\":\"https:\\\/\\\/www.parcodolomitifriulane.it\\\/#\\\/schema\\\/logo\\\/image\\\/\"},\"sameAs\":[\"https:\\\/\\\/www.facebook.com\\\/dolomitifriulane\",\"https:\\\/\\\/x.com\\\/parcoDF\",\"https:\\\/\\\/www.instagram.com\\\/dolomitifriulane\\\/\",\"https:\\\/\\\/www.youtube.com\\\/user\\\/DOLOMITIFRIULANEPARK\"]}]}<\/script>\n<!-- \/ Yoast SEO plugin. -->","yoast_head_json":{"title":"*DRY-TOOLING: ARRAMPICATA \"A SECCO\" | Parco Dolomiti Friulane","robots":{"index":"index","follow":"follow","max-snippet":"max-snippet:-1","max-image-preview":"max-image-preview:large","max-video-preview":"max-video-preview:-1"},"canonical":"https:\/\/www.parcodolomitifriulane.it\/en\/evento\/23-dry-tooling-arrampicata-a-secco\/","og_locale":"en_GB","og_type":"article","og_title":"*DRY-TOOLING: ARRAMPICATA \"A SECCO\" | Parco Dolomiti Friulane","og_description":"DATA: Sabato 27 GENNAIO 2024 GUIDA: Francesco Fazzi (Tel. 328 2170815) DRYTOOLING \/ ICE CLIMBING Giornata didattica di arrampicata con ramponi e piccozze sulla roccia. Il [\u2026]","og_url":"https:\/\/www.parcodolomitifriulane.it\/en\/evento\/23-dry-tooling-arrampicata-a-secco\/","og_site_name":"Parco Dolomiti Friulane","article_publisher":"https:\/\/www.facebook.com\/dolomitifriulane","article_modified_time":"2024-01-26T23:38:32+00:00","og_image":[{"width":1599,"height":899,"url":"https:\/\/www.parcodolomitifriulane.it\/wp-content\/uploads\/2023\/11\/drytooling-fazzi.jpg","type":"image\/jpeg"}],"twitter_card":"summary_large_image","twitter_site":"@parcoDF","twitter_misc":{"Estimated reading time":"1 minute"},"schema":{"@context":"https:\/\/schema.org","@graph":[{"@type":"WebPage","@id":"https:\/\/www.parcodolomitifriulane.it\/evento\/23-dry-tooling-arrampicata-a-secco\/","url":"https:\/\/www.parcodolomitifriulane.it\/evento\/23-dry-tooling-arrampicata-a-secco\/","name":"*DRY-TOOLING: ARRAMPICATA \"A SECCO\" | Parco Dolomiti Friulane","isPartOf":{"@id":"https:\/\/www.parcodolomitifriulane.it\/#website"},"primaryImageOfPage":{"@id":"https:\/\/www.parcodolomitifriulane.it\/evento\/23-dry-tooling-arrampicata-a-secco\/#primaryimage"},"image":{"@id":"https:\/\/www.parcodolomitifriulane.it\/evento\/23-dry-tooling-arrampicata-a-secco\/#primaryimage"},"thumbnailUrl":"https:\/\/www.parcodolomitifriulane.it\/wp-content\/uploads\/2023\/11\/drytooling-fazzi.jpg","datePublished":"2023-11-10T22:30:40+00:00","dateModified":"2024-01-26T23:38:32+00:00","breadcrumb":{"@id":"https:\/\/www.parcodolomitifriulane.it\/evento\/23-dry-tooling-arrampicata-a-secco\/#breadcrumb"},"inLanguage":"en-GB","potentialAction":[{"@type":"ReadAction","target":["https:\/\/www.parcodolomitifriulane.it\/evento\/23-dry-tooling-arrampicata-a-secco\/"]}]},{"@type":"ImageObject","inLanguage":"en-GB","@id":"https:\/\/www.parcodolomitifriulane.it\/evento\/23-dry-tooling-arrampicata-a-secco\/#primaryimage","url":"https:\/\/www.parcodolomitifriulane.it\/wp-content\/uploads\/2023\/11\/drytooling-fazzi.jpg","contentUrl":"https:\/\/www.parcodolomitifriulane.it\/wp-content\/uploads\/2023\/11\/drytooling-fazzi.jpg","width":1599,"height":899},{"@type":"BreadcrumbList","@id":"https:\/\/www.parcodolomitifriulane.it\/evento\/23-dry-tooling-arrampicata-a-secco\/#breadcrumb","itemListElement":[{"@type":"ListItem","position":1,"name":"Home","item":"https:\/\/www.parcodolomitifriulane.it\/"},{"@type":"ListItem","position":2,"name":"*DRY-TOOLING: ARRAMPICATA &#8220;A SECCO&#8221;"}]},{"@type":"WebSite","@id":"https:\/\/www.parcodolomitifriulane.it\/#website","url":"https:\/\/www.parcodolomitifriulane.it\/","name":"Parco Dolomiti Friulane","description":"Tutto Straordinariamente Emoz","publisher":{"@id":"https:\/\/www.parcodolomitifriulane.it\/#organization"},"potentialAction":[{"@type":"SearchAction","target":{"@type":"EntryPoint","urlTemplate":"https:\/\/www.parcodolomitifriulane.it\/?s={search_term_string}"},"query-input":{"@type":"PropertyValueSpecification","valueRequired":true,"valueName":"search_term_string"}}],"inLanguage":"en-GB"},{"@type":"Organization","@id":"https:\/\/www.parcodolomitifriulane.it\/#organization","name":"Parco Dolomiti Friulane","url":"https:\/\/www.parcodolomitifriulane.it\/","logo":{"@type":"ImageObject","inLanguage":"en-GB","@id":"https:\/\/www.parcodolomitifriulane.it\/#\/schema\/logo\/image\/","url":"https:\/\/www.parcodolomitifriulane.it\/wp-content\/uploads\/2022\/06\/cropped-logo-1.png","contentUrl":"https:\/\/www.parcodolomitifriulane.it\/wp-content\/uploads\/2022\/06\/cropped-logo-1.png","width":4685,"height":2773,"caption":"Parco Dolomiti Friulane"},"image":{"@id":"https:\/\/www.parcodolomitifriulane.it\/#\/schema\/logo\/image\/"},"sameAs":["https:\/\/www.facebook.com\/dolomitifriulane","https:\/\/x.com\/parcoDF","https:\/\/www.instagram.com\/dolomitifriulane\/","https:\/\/www.youtube.com\/user\/DOLOMITIFRIULANEPARK"]}]}},"_links":{"self":[{"href":"https:\/\/www.parcodolomitifriulane.it\/en\/wp-json\/wp\/v2\/event_listing\/16897","targetHints":{"allow":["GET"]}}],"collection":[{"href":"https:\/\/www.parcodolomitifriulane.it\/en\/wp-json\/wp\/v2\/event_listing"}],"about":[{"href":"https:\/\/www.parcodolomitifriulane.it\/en\/wp-json\/wp\/v2\/types\/event_listing"}],"version-history":[{"count":0,"href":"https:\/\/www.parcodolomitifriulane.it\/en\/wp-json\/wp\/v2\/event_listing\/16897\/revisions"}],"wp:featuredmedia":[{"embeddable":true,"href":"https:\/\/www.parcodolomitifriulane.it\/en\/wp-json\/wp\/v2\/media\/16900"}],"wp:attachment":[{"href":"https:\/\/www.parcodolomitifriulane.it\/en\/wp-json\/wp\/v2\/media?parent=16897"}],"wp:term":[{"taxonomy":"event_listing_category","embeddable":true,"href":"https:\/\/www.parcodolomitifriulane.it\/en\/wp-json\/wp\/v2\/event_listing_category?post=16897"}],"curies":[{"name":"wp","href":"https:\/\/api.w.org\/{rel}","templated":true}]}}

<p>DATA: Sabato 27 GENNAIO 2024</p>



<p>GUIDA: Francesco Fazzi (Tel. 328 2170815)</p>



<p><strong>DRYTOOLING / ICE CLIMBING</strong></p>



<p>Giornata didattica di arrampicata con ramponi e piccozze sulla roccia. Il ritrovo è presso il Centro Visite di Claut &nbsp;e da qui ci sposteremo poco sopra alla falesia di drytooling &#8220;Ciafurle&#8221;. Inizieremo con una breve lezione sui materiali a cui seguiranno le prove pratiche di tecnica di salita e di sicurezza con la corda.<br>Sarà possibile cimentarsi su itinerari di diverse difficoltà.<br>Nel caso le condizioni lo permettano è possibile che la lezione sia svolta su ghiaccio in altra location. &nbsp;&nbsp;<br>Il materiale tecnico (ramponi, piccozze, imbrago, casco, ecc.) verrà fornito dalla guida. Sono necessari scarponi rigidi invernali. Una bevanda calda è un bel conforto per il freddo della giornata.</p>



<p>PREREQUISITO: avere delle basi di arrampicata su roccia.</p>



<p>Testo: Francesco Fazzi</p>



<p>INFORMAZIONI:<br>Tipologia: arrampicata drytooling<br>Difficoltà: medio/per allenati<br>Dislivello: /<br>Durata: 6 ore<br>Abbigliamento e attrezzatura: caldo invernale, scarponi invernali<br>Ritrovo: Centro visite Claut alle ore 9:00 <br>Tariffa: euro 25,00 a persona</p>



<p><strong>Prenotazione obbligatoria tramite WhatsApp al n. 331.6481395</strong></p>
