{"id":18623,"date":"2024-11-06T19:44:16","date_gmt":"2024-11-06T18:44:16","guid":{"rendered":"https:\/\/www.parcodolomitifriulane.it\/?post_type=event_listing&#038;p=18623"},"modified":"2025-04-21T00:37:21","modified_gmt":"2025-04-20T22:37:21","slug":"i-guardiani-del-sentiero","status":"expired","type":"event_listing","link":"https:\/\/www.parcodolomitifriulane.it\/en\/event\/i-guardiani-del-sentiero\/","title":{"rendered":"*I guardiani del sentiero"},"content":{"rendered":"<p>DATA: Sabato 19 APRILE&nbsp; 2025<\/p>\n\n\n\n<p>GUIDA: Laura Fagioli (Tel. 349 5856881)<\/p>\n\n\n\n<p><strong>ESCURSIONE NATURALISTICA E STORY-TELLING \u2013 I GUARDIANI DEL SENTIERO<\/strong><\/p>\n\n\n\n<p>Semplice escursione ad anello, che permetter\u00e0 di immergersi in una natura magica, lungo il letto del fiume Tagliamento, tra bellissimi panorami, percorrendo un tratto del \u201cCammino delle Pievi\u201d ed entrando nel \u201cBosco Incantato\u201d, dove speciali guardiani del sentiero affioreranno dalle cortecce degli alberi o si sveleranno tra le fronde degli arbusti. Questo suggestivo percorso immerso nel bosco ci far\u00e0 scoprire i profumi e i colori dei primi fiori di primavera e ci condurr\u00e0 fino a una curiosa sorgente di acqua solforosa, che sveler\u00e0 la sua presenza anche grazie al caratteristico odore dell\u2019acido solfidrico. Il ritrovo \u00e8 previsto presso il Centro Visite del Parco a Forni di Sotto: dopo un breve tragitto in auto fino alla strada che conduce al guado, partiremo a piedi lungo un percorso ad anello che, passando per Drogne, ci permetter\u00e0 di raggiungere nuovamente il punto del parcheggio delle auto.<\/p>\n\n\n\n<p>Testo: Laura Fagioli<\/p>\n\n\n\n<p>INFORMAZIONI:<br>Tipologia: escursione naturalistica e story-telling<br>Difficolt\u00e0: facile, adatto anche ai bambini<br>Dislivello: 200 metri<br>Durata: 3 ore<br>Abbigliamento e attrezzatura: adatto alla stagione, scarponcini<br>Ritrovo: Centro visite Forni di Sotto alle ore 15:00&nbsp;<br>Tariffa: 7,00 euro adulti; 4,00 euro per i ragazzi sotto i 12 anni e per chi ha pi\u00f9 di 70 anni<\/p>\n\n\n\n<p><strong>Prenotazione obbligatoria al seguente link<\/strong><\/p>\n\n\n\n<p><a href=\"https:\/\/amministrazioneparcodolomitifriulane.insiel.it\/it\/servizi-online-100896\/19-aprile-2025-i-guardiani-del-sentiero-127134\">19 aprile 2025 &#8211; I guardiani del sentiero &#8211; Parco Dolomiti Friulane AT<\/a><\/p>","protected":false},"featured_media":16964,"template":"","meta":{"_acf_changed":false},"event_listing_category":[136],"class_list":["post-18623","event_listing","type-event_listing","status-expired","has-post-thumbnail","hentry","event_listing_category-semplici-per-tutti"],"acf":[],"yoast_head":"<!-- This site is optimized with the Yoast SEO plugin v27.5 - https:\/\/yoast.com\/product\/yoast-seo-wordpress\/ -->\n<title>*I guardiani del sentiero | Parco Dolomiti Friulane<\/title>\n<meta name=\"robots\" content=\"index, follow, max-snippet:-1, max-image-preview:large, max-video-preview:-1\" \/>\n<link rel=\"canonical\" href=\"https:\/\/www.parcodolomitifriulane.it\/en\/evento\/i-guardiani-del-sentiero\/\" \/>\n<meta property=\"og:locale\" content=\"en_GB\" \/>\n<meta property=\"og:type\" content=\"article\" \/>\n<meta property=\"og:title\" content=\"*I guardiani del sentiero | Parco Dolomiti Friulane\" \/>\n<meta property=\"og:description\" content=\"DATA: Sabato 19 APRILE&nbsp; 2025 GUIDA: Laura Fagioli (Tel. 349 5856881) ESCURSIONE NATURALISTICA E STORY-TELLING \u2013 I GUARDIANI DEL SENTIERO Semplice escursione ad anello, che permetter\u00e0 [\u2026]\" \/>\n<meta property=\"og:url\" content=\"https:\/\/www.parcodolomitifriulane.it\/en\/evento\/i-guardiani-del-sentiero\/\" \/>\n<meta property=\"og:site_name\" content=\"Parco Dolomiti Friulane\" \/>\n<meta property=\"article:publisher\" content=\"https:\/\/www.facebook.com\/dolomitifriulane\" \/>\n<meta property=\"article:modified_time\" content=\"2025-04-20T22:37:21+00:00\" \/>\n<meta property=\"og:image\" content=\"https:\/\/www.parcodolomitifriulane.it\/wp-content\/uploads\/2023\/11\/28-aprile-gnomi.jpg\" \/>\n\t<meta property=\"og:image:width\" content=\"960\" \/>\n\t<meta property=\"og:image:height\" content=\"1280\" \/>\n\t<meta property=\"og:image:type\" content=\"image\/jpeg\" \/>\n<meta name=\"twitter:card\" content=\"summary_large_image\" \/>\n<meta name=\"twitter:site\" content=\"@parcoDF\" \/>\n<meta name=\"twitter:label1\" content=\"Estimated reading time\" \/>\n\t<meta name=\"twitter:data1\" content=\"2 minutes\" \/>\n<script type=\"application\/ld+json\" class=\"yoast-schema-graph\">{\"@context\":\"https:\\\/\\\/schema.org\",\"@graph\":[{\"@type\":\"WebPage\",\"@id\":\"https:\\\/\\\/www.parcodolomitifriulane.it\\\/evento\\\/i-guardiani-del-sentiero\\\/\",\"url\":\"https:\\\/\\\/www.parcodolomitifriulane.it\\\/evento\\\/i-guardiani-del-sentiero\\\/\",\"name\":\"*I guardiani del sentiero | Parco Dolomiti Friulane\",\"isPartOf\":{\"@id\":\"https:\\\/\\\/www.parcodolomitifriulane.it\\\/#website\"},\"primaryImageOfPage\":{\"@id\":\"https:\\\/\\\/www.parcodolomitifriulane.it\\\/evento\\\/i-guardiani-del-sentiero\\\/#primaryimage\"},\"image\":{\"@id\":\"https:\\\/\\\/www.parcodolomitifriulane.it\\\/evento\\\/i-guardiani-del-sentiero\\\/#primaryimage\"},\"thumbnailUrl\":\"https:\\\/\\\/www.parcodolomitifriulane.it\\\/wp-content\\\/uploads\\\/2023\\\/11\\\/28-aprile-gnomi.jpg\",\"datePublished\":\"2024-11-06T18:44:16+00:00\",\"dateModified\":\"2025-04-20T22:37:21+00:00\",\"breadcrumb\":{\"@id\":\"https:\\\/\\\/www.parcodolomitifriulane.it\\\/evento\\\/i-guardiani-del-sentiero\\\/#breadcrumb\"},\"inLanguage\":\"en-GB\",\"potentialAction\":[{\"@type\":\"ReadAction\",\"target\":[\"https:\\\/\\\/www.parcodolomitifriulane.it\\\/evento\\\/i-guardiani-del-sentiero\\\/\"]}]},{\"@type\":\"ImageObject\",\"inLanguage\":\"en-GB\",\"@id\":\"https:\\\/\\\/www.parcodolomitifriulane.it\\\/evento\\\/i-guardiani-del-sentiero\\\/#primaryimage\",\"url\":\"https:\\\/\\\/www.parcodolomitifriulane.it\\\/wp-content\\\/uploads\\\/2023\\\/11\\\/28-aprile-gnomi.jpg\",\"contentUrl\":\"https:\\\/\\\/www.parcodolomitifriulane.it\\\/wp-content\\\/uploads\\\/2023\\\/11\\\/28-aprile-gnomi.jpg\",\"width\":960,\"height\":1280},{\"@type\":\"BreadcrumbList\",\"@id\":\"https:\\\/\\\/www.parcodolomitifriulane.it\\\/evento\\\/i-guardiani-del-sentiero\\\/#breadcrumb\",\"itemListElement\":[{\"@type\":\"ListItem\",\"position\":1,\"name\":\"Home\",\"item\":\"https:\\\/\\\/www.parcodolomitifriulane.it\\\/\"},{\"@type\":\"ListItem\",\"position\":2,\"name\":\"*I guardiani del sentiero\"}]},{\"@type\":\"WebSite\",\"@id\":\"https:\\\/\\\/www.parcodolomitifriulane.it\\\/#website\",\"url\":\"https:\\\/\\\/www.parcodolomitifriulane.it\\\/\",\"name\":\"Parco Dolomiti Friulane\",\"description\":\"Tutto Straordinariamente Emoz\",\"publisher\":{\"@id\":\"https:\\\/\\\/www.parcodolomitifriulane.it\\\/#organization\"},\"potentialAction\":[{\"@type\":\"SearchAction\",\"target\":{\"@type\":\"EntryPoint\",\"urlTemplate\":\"https:\\\/\\\/www.parcodolomitifriulane.it\\\/?s={search_term_string}\"},\"query-input\":{\"@type\":\"PropertyValueSpecification\",\"valueRequired\":true,\"valueName\":\"search_term_string\"}}],\"inLanguage\":\"en-GB\"},{\"@type\":\"Organization\",\"@id\":\"https:\\\/\\\/www.parcodolomitifriulane.it\\\/#organization\",\"name\":\"Parco Dolomiti Friulane\",\"url\":\"https:\\\/\\\/www.parcodolomitifriulane.it\\\/\",\"logo\":{\"@type\":\"ImageObject\",\"inLanguage\":\"en-GB\",\"@id\":\"https:\\\/\\\/www.parcodolomitifriulane.it\\\/#\\\/schema\\\/logo\\\/image\\\/\",\"url\":\"https:\\\/\\\/www.parcodolomitifriulane.it\\\/wp-content\\\/uploads\\\/2022\\\/06\\\/cropped-logo-1.png\",\"contentUrl\":\"https:\\\/\\\/www.parcodolomitifriulane.it\\\/wp-content\\\/uploads\\\/2022\\\/06\\\/cropped-logo-1.png\",\"width\":4685,\"height\":2773,\"caption\":\"Parco Dolomiti Friulane\"},\"image\":{\"@id\":\"https:\\\/\\\/www.parcodolomitifriulane.it\\\/#\\\/schema\\\/logo\\\/image\\\/\"},\"sameAs\":[\"https:\\\/\\\/www.facebook.com\\\/dolomitifriulane\",\"https:\\\/\\\/x.com\\\/parcoDF\",\"https:\\\/\\\/www.instagram.com\\\/dolomitifriulane\\\/\",\"https:\\\/\\\/www.youtube.com\\\/user\\\/DOLOMITIFRIULANEPARK\"]}]}<\/script>\n<!-- \/ Yoast SEO plugin. -->","yoast_head_json":{"title":"*I guardiani del sentiero | Parco Dolomiti Friulane","robots":{"index":"index","follow":"follow","max-snippet":"max-snippet:-1","max-image-preview":"max-image-preview:large","max-video-preview":"max-video-preview:-1"},"canonical":"https:\/\/www.parcodolomitifriulane.it\/en\/evento\/i-guardiani-del-sentiero\/","og_locale":"en_GB","og_type":"article","og_title":"*I guardiani del sentiero | Parco Dolomiti Friulane","og_description":"DATA: Sabato 19 APRILE&nbsp; 2025 GUIDA: Laura Fagioli (Tel. 349 5856881) ESCURSIONE NATURALISTICA E STORY-TELLING \u2013 I GUARDIANI DEL SENTIERO Semplice escursione ad anello, che permetter\u00e0 [\u2026]","og_url":"https:\/\/www.parcodolomitifriulane.it\/en\/evento\/i-guardiani-del-sentiero\/","og_site_name":"Parco Dolomiti Friulane","article_publisher":"https:\/\/www.facebook.com\/dolomitifriulane","article_modified_time":"2025-04-20T22:37:21+00:00","og_image":[{"width":960,"height":1280,"url":"https:\/\/www.parcodolomitifriulane.it\/wp-content\/uploads\/2023\/11\/28-aprile-gnomi.jpg","type":"image\/jpeg"}],"twitter_card":"summary_large_image","twitter_site":"@parcoDF","twitter_misc":{"Estimated reading time":"2 minutes"},"schema":{"@context":"https:\/\/schema.org","@graph":[{"@type":"WebPage","@id":"https:\/\/www.parcodolomitifriulane.it\/evento\/i-guardiani-del-sentiero\/","url":"https:\/\/www.parcodolomitifriulane.it\/evento\/i-guardiani-del-sentiero\/","name":"*I guardiani del sentiero | Parco Dolomiti Friulane","isPartOf":{"@id":"https:\/\/www.parcodolomitifriulane.it\/#website"},"primaryImageOfPage":{"@id":"https:\/\/www.parcodolomitifriulane.it\/evento\/i-guardiani-del-sentiero\/#primaryimage"},"image":{"@id":"https:\/\/www.parcodolomitifriulane.it\/evento\/i-guardiani-del-sentiero\/#primaryimage"},"thumbnailUrl":"https:\/\/www.parcodolomitifriulane.it\/wp-content\/uploads\/2023\/11\/28-aprile-gnomi.jpg","datePublished":"2024-11-06T18:44:16+00:00","dateModified":"2025-04-20T22:37:21+00:00","breadcrumb":{"@id":"https:\/\/www.parcodolomitifriulane.it\/evento\/i-guardiani-del-sentiero\/#breadcrumb"},"inLanguage":"en-GB","potentialAction":[{"@type":"ReadAction","target":["https:\/\/www.parcodolomitifriulane.it\/evento\/i-guardiani-del-sentiero\/"]}]},{"@type":"ImageObject","inLanguage":"en-GB","@id":"https:\/\/www.parcodolomitifriulane.it\/evento\/i-guardiani-del-sentiero\/#primaryimage","url":"https:\/\/www.parcodolomitifriulane.it\/wp-content\/uploads\/2023\/11\/28-aprile-gnomi.jpg","contentUrl":"https:\/\/www.parcodolomitifriulane.it\/wp-content\/uploads\/2023\/11\/28-aprile-gnomi.jpg","width":960,"height":1280},{"@type":"BreadcrumbList","@id":"https:\/\/www.parcodolomitifriulane.it\/evento\/i-guardiani-del-sentiero\/#breadcrumb","itemListElement":[{"@type":"ListItem","position":1,"name":"Home","item":"https:\/\/www.parcodolomitifriulane.it\/"},{"@type":"ListItem","position":2,"name":"*I guardiani del sentiero"}]},{"@type":"WebSite","@id":"https:\/\/www.parcodolomitifriulane.it\/#website","url":"https:\/\/www.parcodolomitifriulane.it\/","name":"Parco Dolomiti Friulane","description":"Tutto Straordinariamente Emoz","publisher":{"@id":"https:\/\/www.parcodolomitifriulane.it\/#organization"},"potentialAction":[{"@type":"SearchAction","target":{"@type":"EntryPoint","urlTemplate":"https:\/\/www.parcodolomitifriulane.it\/?s={search_term_string}"},"query-input":{"@type":"PropertyValueSpecification","valueRequired":true,"valueName":"search_term_string"}}],"inLanguage":"en-GB"},{"@type":"Organization","@id":"https:\/\/www.parcodolomitifriulane.it\/#organization","name":"Parco Dolomiti Friulane","url":"https:\/\/www.parcodolomitifriulane.it\/","logo":{"@type":"ImageObject","inLanguage":"en-GB","@id":"https:\/\/www.parcodolomitifriulane.it\/#\/schema\/logo\/image\/","url":"https:\/\/www.parcodolomitifriulane.it\/wp-content\/uploads\/2022\/06\/cropped-logo-1.png","contentUrl":"https:\/\/www.parcodolomitifriulane.it\/wp-content\/uploads\/2022\/06\/cropped-logo-1.png","width":4685,"height":2773,"caption":"Parco Dolomiti Friulane"},"image":{"@id":"https:\/\/www.parcodolomitifriulane.it\/#\/schema\/logo\/image\/"},"sameAs":["https:\/\/www.facebook.com\/dolomitifriulane","https:\/\/x.com\/parcoDF","https:\/\/www.instagram.com\/dolomitifriulane\/","https:\/\/www.youtube.com\/user\/DOLOMITIFRIULANEPARK"]}]}},"_links":{"self":[{"href":"https:\/\/www.parcodolomitifriulane.it\/en\/wp-json\/wp\/v2\/event_listing\/18623","targetHints":{"allow":["GET"]}}],"collection":[{"href":"https:\/\/www.parcodolomitifriulane.it\/en\/wp-json\/wp\/v2\/event_listing"}],"about":[{"href":"https:\/\/www.parcodolomitifriulane.it\/en\/wp-json\/wp\/v2\/types\/event_listing"}],"version-history":[{"count":0,"href":"https:\/\/www.parcodolomitifriulane.it\/en\/wp-json\/wp\/v2\/event_listing\/18623\/revisions"}],"wp:featuredmedia":[{"embeddable":true,"href":"https:\/\/www.parcodolomitifriulane.it\/en\/wp-json\/wp\/v2\/media\/16964"}],"wp:attachment":[{"href":"https:\/\/www.parcodolomitifriulane.it\/en\/wp-json\/wp\/v2\/media?parent=18623"}],"wp:term":[{"taxonomy":"event_listing_category","embeddable":true,"href":"https:\/\/www.parcodolomitifriulane.it\/en\/wp-json\/wp\/v2\/event_listing_category?post=18623"}],"curies":[{"name":"wp","href":"https:\/\/api.w.org\/{rel}","templated":true}]}}

<p>DATA: Sabato 19 APRILE&nbsp; 2025</p>



<p>GUIDA: Laura Fagioli (Tel. 349 5856881)</p>



<p><strong>ESCURSIONE NATURALISTICA E STORY-TELLING – I GUARDIANI DEL SENTIERO</strong></p>



<p>Semplice escursione ad anello, che permetterà di immergersi in una natura magica, lungo il letto del fiume Tagliamento, tra bellissimi panorami, percorrendo un tratto del “Cammino delle Pievi” ed entrando nel “Bosco Incantato”, dove speciali guardiani del sentiero affioreranno dalle cortecce degli alberi o si sveleranno tra le fronde degli arbusti. Questo suggestivo percorso immerso nel bosco ci farà scoprire i profumi e i colori dei primi fiori di primavera e ci condurrà fino a una curiosa sorgente di acqua solforosa, che svelerà la sua presenza anche grazie al caratteristico odore dell’acido solfidrico. Il ritrovo è previsto presso il Centro Visite del Parco a Forni di Sotto: dopo un breve tragitto in auto fino alla strada che conduce al guado, partiremo a piedi lungo un percorso ad anello che, passando per Drogne, ci permetterà di raggiungere nuovamente il punto del parcheggio delle auto.</p>



<p>Testo: Laura Fagioli</p>



<p>INFORMAZIONI:<br>Tipologia: escursione naturalistica e story-telling<br>Difficoltà: facile, adatto anche ai bambini<br>Dislivello: 200 metri<br>Durata: 3 ore<br>Abbigliamento e attrezzatura: adatto alla stagione, scarponcini<br>Ritrovo: Centro visite Forni di Sotto alle ore 15:00&nbsp;<br>Tariffa: 7,00 euro adulti; 4,00 euro per i ragazzi sotto i 12 anni e per chi ha più di 70 anni</p>



<p><strong>Prenotazione obbligatoria al seguente link</strong></p>



<p><a href="https://amministrazioneparcodolomitifriulane.insiel.it/it/servizi-online-100896/19-aprile-2025-i-guardiani-del-sentiero-127134">19 aprile 2025 &#8211; I guardiani del sentiero &#8211; Parco Dolomiti Friulane AT</a></p>

<!-- This site is optimized with the Yoast SEO plugin v27.5 - https://yoast.com/product/yoast-seo-wordpress/ -->
<title>*I guardiani del sentiero | Parco Dolomiti Friulane</title>
<meta name="robots" content="index, follow, max-snippet:-1, max-image-preview:large, max-video-preview:-1" />
<link rel="canonical" href="https://www.parcodolomitifriulane.it/en/evento/i-guardiani-del-sentiero/" />
<meta property="og:locale" content="en_GB" />
<meta property="og:type" content="article" />
<meta property="og:title" content="*I guardiani del sentiero | Parco Dolomiti Friulane" />
<meta property="og:description" content="DATA: Sabato 19 APRILE&nbsp; 2025 GUIDA: Laura Fagioli (Tel. 349 5856881) ESCURSIONE NATURALISTICA E STORY-TELLING – I GUARDIANI DEL SENTIERO Semplice escursione ad anello, che permetterà […]" />
<meta property="og:url" content="https://www.parcodolomitifriulane.it/en/evento/i-guardiani-del-sentiero/" />
<meta property="og:site_name" content="Parco Dolomiti Friulane" />
<meta property="article:publisher" content="https://www.facebook.com/dolomitifriulane" />
<meta property="article:modified_time" content="2025-04-20T22:37:21+00:00" />
<meta property="og:image" content="https://www.parcodolomitifriulane.it/wp-content/uploads/2023/11/28-aprile-gnomi.jpg" />
	<meta property="og:image:width" content="960" />
	<meta property="og:image:height" content="1280" />
	<meta property="og:image:type" content="image/jpeg" />
<meta name="twitter:card" content="summary_large_image" />
<meta name="twitter:site" content="@parcoDF" />
<meta name="twitter:label1" content="Estimated reading time" />
	<meta name="twitter:data1" content="2 minutes" />
<script type="application/ld+json" class="yoast-schema-graph">{"@context":"https:\/\/schema.org","@graph":[{"@type":"WebPage","@id":"https:\/\/www.parcodolomitifriulane.it\/evento\/i-guardiani-del-sentiero\/","url":"https:\/\/www.parcodolomitifriulane.it\/evento\/i-guardiani-del-sentiero\/","name":"*I guardiani del sentiero | Parco Dolomiti Friulane","isPartOf":{"@id":"https:\/\/www.parcodolomitifriulane.it\/#website"},"primaryImageOfPage":{"@id":"https:\/\/www.parcodolomitifriulane.it\/evento\/i-guardiani-del-sentiero\/#primaryimage"},"image":{"@id":"https:\/\/www.parcodolomitifriulane.it\/evento\/i-guardiani-del-sentiero\/#primaryimage"},"thumbnailUrl":"https:\/\/www.parcodolomitifriulane.it\/wp-content\/uploads\/2023\/11\/28-aprile-gnomi.jpg","datePublished":"2024-11-06T18:44:16+00:00","dateModified":"2025-04-20T22:37:21+00:00","breadcrumb":{"@id":"https:\/\/www.parcodolomitifriulane.it\/evento\/i-guardiani-del-sentiero\/#breadcrumb"},"inLanguage":"en-GB","potentialAction":[{"@type":"ReadAction","target":["https:\/\/www.parcodolomitifriulane.it\/evento\/i-guardiani-del-sentiero\/"]}]},{"@type":"ImageObject","inLanguage":"en-GB","@id":"https:\/\/www.parcodolomitifriulane.it\/evento\/i-guardiani-del-sentiero\/#primaryimage","url":"https:\/\/www.parcodolomitifriulane.it\/wp-content\/uploads\/2023\/11\/28-aprile-gnomi.jpg","contentUrl":"https:\/\/www.parcodolomitifriulane.it\/wp-content\/uploads\/2023\/11\/28-aprile-gnomi.jpg","width":960,"height":1280},{"@type":"BreadcrumbList","@id":"https:\/\/www.parcodolomitifriulane.it\/evento\/i-guardiani-del-sentiero\/#breadcrumb","itemListElement":[{"@type":"ListItem","position":1,"name":"Home","item":"https:\/\/www.parcodolomitifriulane.it\/"},{"@type":"ListItem","position":2,"name":"*I guardiani del sentiero"}]},{"@type":"WebSite","@id":"https:\/\/www.parcodolomitifriulane.it\/#website","url":"https:\/\/www.parcodolomitifriulane.it\/","name":"Parco Dolomiti Friulane","description":"Tutto Straordinariamente Emoz","publisher":{"@id":"https:\/\/www.parcodolomitifriulane.it\/#organization"},"potentialAction":[{"@type":"SearchAction","target":{"@type":"EntryPoint","urlTemplate":"https:\/\/www.parcodolomitifriulane.it\/?s={search_term_string}"},"query-input":{"@type":"PropertyValueSpecification","valueRequired":true,"valueName":"search_term_string"}}],"inLanguage":"en-GB"},{"@type":"Organization","@id":"https:\/\/www.parcodolomitifriulane.it\/#organization","name":"Parco Dolomiti Friulane","url":"https:\/\/www.parcodolomitifriulane.it\/","logo":{"@type":"ImageObject","inLanguage":"en-GB","@id":"https:\/\/www.parcodolomitifriulane.it\/#\/schema\/logo\/image\/","url":"https:\/\/www.parcodolomitifriulane.it\/wp-content\/uploads\/2022\/06\/cropped-logo-1.png","contentUrl":"https:\/\/www.parcodolomitifriulane.it\/wp-content\/uploads\/2022\/06\/cropped-logo-1.png","width":4685,"height":2773,"caption":"Parco Dolomiti Friulane"},"image":{"@id":"https:\/\/www.parcodolomitifriulane.it\/#\/schema\/logo\/image\/"},"sameAs":["https:\/\/www.facebook.com\/dolomitifriulane","https:\/\/x.com\/parcoDF","https:\/\/www.instagram.com\/dolomitifriulane\/","https:\/\/www.youtube.com\/user\/DOLOMITIFRIULANEPARK"]}]}</script>
<!-- / Yoast SEO plugin. -->

DATA: Sabato 19 APRILE&nbsp; 2025 GUIDA: Laura Fagioli (Tel. 349 5856881) ESCURSIONE NATURALISTICA E STORY-TELLING – I GUARDIANI DEL SENTIERO Semplice escursione ad anello, che permetterà […]
